{"id":5880,"date":"2021-05-05T22:31:58","date_gmt":"2021-05-05T20:31:58","guid":{"rendered":"https:\/\/www.josiajourdan.ch\/wordpress\/?page_id=5880"},"modified":"2022-11-02T14:27:09","modified_gmt":"2022-11-02T13:27:09","slug":"das-pinke-sofa-queere-buecher","status":"publish","type":"page","link":"https:\/\/www.josiajourdan.ch\/wordpress\/das-pinke-sofa-queere-buecher\/","title":{"rendered":"Das Pinke Sofa &#8211; Queere B\u00fccher"},"content":{"rendered":"[vc_row][vc_column][vc_column_text]\n<p>Eines meiner gr\u00f6ssten Anliegen ist es, queere Stimmen und Vielfalt in der Buchwelt zu f\u00f6rdern und weiterzuempfehlen. Viel zu lange habe ich mich selber nicht in B\u00fcchern wiedergefunden. Darum findet ihr hier queere Buchtipps so wie eine kleine Vorstellung meines Projektes <a href=\"https:\/\/www.instagram.com\/daspinkesofa\/?hl=de\">&#8222;Das Pinke Sofa&#8220;<\/a>, das ich zusammen mit <a href=\"https:\/\/www.instagram.com\/kaispellmeier\/\">Kai Spellmeier<\/a> umgesetzt habe.<\/p>\n\n\n\n<div class=\"wp-block-image\"><figure class=\"aligncenter is-resized\"><img fetchpriority=\"high\" decoding=\"async\" data-attachment-id=\"5881\" data-permalink=\"https:\/\/www.josiajourdan.ch\/wordpress\/das-pinke-sofa-queere-buecher\/das-pinke-sofa-logo-2\/\" data-orig-file=\"https:\/\/i0.wp.com\/www.josiajourdan.ch\/wordpress\/wp-content\/uploads\/2021\/05\/Das-Pinke-Sofa-Logo.png?fit=1080%2C1080&amp;ssl=1\" data-orig-size=\"1080,1080\" data-comments-opened=\"1\" data-image-meta=\"{&quot;aperture&quot;:&quot;0&quot;,&quot;credit&quot;:&quot;&quot;,&quot;camera&quot;:&quot;&quot;,&quot;caption&quot;:&quot;&quot;,&quot;created_timestamp&quot;:&quot;0&quot;,&quot;copyright&quot;:&quot;&quot;,&quot;focal_length&quot;:&quot;0&quot;,&quot;iso&quot;:&quot;0&quot;,&quot;shutter_speed&quot;:&quot;0&quot;,&quot;title&quot;:&quot;&quot;,&quot;orientation&quot;:&quot;0&quot;}\" data-image-title=\"Das Pinke Sofa Logo &#8211; queerer Buchclub\" data-image-description=\"\" data-image-caption=\"\" data-medium-file=\"https:\/\/i0.wp.com\/www.josiajourdan.ch\/wordpress\/wp-content\/uploads\/2021\/05\/Das-Pinke-Sofa-Logo.png?fit=300%2C300&amp;ssl=1\" data-large-file=\"https:\/\/i0.wp.com\/www.josiajourdan.ch\/wordpress\/wp-content\/uploads\/2021\/05\/Das-Pinke-Sofa-Logo.png?fit=1024%2C1024&amp;ssl=1\" src=\"https:\/\/i0.wp.com\/www.josiajourdan.ch\/wordpress\/wp-content\/uploads\/2021\/05\/Das-Pinke-Sofa-Logo.png?resize=308%2C308&#038;ssl=1\" alt=\"Das Pinke Sofa - Josia Jourdan - Kai Spellmeier\" class=\"wp-image-5881\" width=\"308\" height=\"308\" srcset=\"https:\/\/i0.wp.com\/www.josiajourdan.ch\/wordpress\/wp-content\/uploads\/2021\/05\/Das-Pinke-Sofa-Logo.png?resize=1024%2C1024&amp;ssl=1 1024w, https:\/\/i0.wp.com\/www.josiajourdan.ch\/wordpress\/wp-content\/uploads\/2021\/05\/Das-Pinke-Sofa-Logo.png?resize=150%2C150&amp;ssl=1 150w, https:\/\/i0.wp.com\/www.josiajourdan.ch\/wordpress\/wp-content\/uploads\/2021\/05\/Das-Pinke-Sofa-Logo.png?resize=300%2C300&amp;ssl=1 300w, https:\/\/i0.wp.com\/www.josiajourdan.ch\/wordpress\/wp-content\/uploads\/2021\/05\/Das-Pinke-Sofa-Logo.png?resize=768%2C768&amp;ssl=1 768w, https:\/\/i0.wp.com\/www.josiajourdan.ch\/wordpress\/wp-content\/uploads\/2021\/05\/Das-Pinke-Sofa-Logo.png?w=1080&amp;ssl=1 1080w\" sizes=\"(max-width: 308px) 100vw, 308px\" data-recalc-dims=\"1\" \/><figcaption>Das Pinke Sofa &#8211; Logo<\/figcaption><\/figure><\/div>\n\n\n\n<p><a href=\"https:\/\/www.instagram.com\/daspinkesofa\/?hl=de\">Das Pinke Sofa <\/a>ist mein Herzensprojekt. Ein queerer Buchclub, der Vielfalt feiert und dem alle willkommen sind. Wir lesen monatlich ein queeres Buch, dass sich mit Figuren aus der LGBTQ+ Community besch\u00e4ftigt. Zudem wollen wir auch Aufkl\u00e4rungsarbeit leisten, noch mehr Aufmerksamkeit auf Diversity lenken und hoffen sowohl Menschen aus der LGBTQ+ Community als auch all jene, die sich damit solidarisieren, zu erreichen.<\/p>\n\n\n\n<p><a href=\"https:\/\/www.instagram.com\/daspinkesofa\/?hl=de\">Mehr Infos findest du auf Instagram unter: @daspinkesofa<\/a><\/p>\n\n\n\n<h2 class=\"wp-block-heading\">Queere B\u00fccher<\/h2>\n\n\n\n<p><\/p>\n[\/vc_column_text][vc_empty_space][vc_column_text]<p>Unter <a href=\"https:\/\/www.josiajourdan.ch\/wordpress\/tag\/lgbtq-buchtipp\/\">LGBTQ+ B\u00fccher <\/a>findest du alle B\u00fccher, die ich hier rezensiert und vorgestellt habe, so wie passende Beitr\u00e4ge.<\/p>[\/vc_column_text][vc_empty_space]<div id=\"sc_blogger_717862656\" class=\"sc_blogger layout_portfolio_3 template_portfolio  sc_blogger_horizontal no_description\"><div class=\"isotope_wrap\" data-columns=\"3\">\t\t\t<div class=\"isotope_item isotope_item_portfolio isotope_item_portfolio_3 isotope_column_3\t\t\t\t\t\t\">\n\t\t\t\t<div class=\"post_item post_item_portfolio post_item_portfolio_3\t\t\t\t\tpost_format_standard odd\">\n\t\n\t\t\t\t\t<div class=\"post_content isotope_item_content ih-item colored square effect_shift left_to_right\">\n\t\t\t\t\t\t\t\t\t\t\t\t<div class=\"post_featured img\">\n\t\t\t\t\t\t\t<a href=\"https:\/\/www.josiajourdan.ch\/wordpress\/how-it-all-blew-up-rezension\/\"><img decoding=\"async\" class=\"wp-post-image\" width=\"370\" alt=\"How It All Blew Up \/ Rezension\" src=\"https:\/\/i0.wp.com\/www.josiajourdan.ch\/wordpress\/wp-content\/uploads\/2021\/06\/How-it-all-blew-up-Rezension.png?fit=4496%2C3000&#038;ssl=1\"><\/a>\t\t\t\t\t\t<\/div>\n\t\t\t\t\t\t\t\t\n\t\t\t\t\t\t\t<div class=\"post_info_wrap info\"><div class=\"info-back\">\n\t\t\n\t\t\t\t\t\t\t\t<h4 class=\"post_title\"><a href=\"https:\/\/www.josiajourdan.ch\/wordpress\/how-it-all-blew-up-rezension\/\">How It All Blew Up \/ Rezension<\/a><\/h4>\t\t\n\t\t\t\t\t\t\t\t<div class=\"post_descr\">\n\t\t\t\t\t\t\t\t\t\t\t\t\t\t<p class=\"post_info\">\n\t\t\t\t\t\t\t\t\t<span class=\"post_info_item post_info_posted\"> <a href=\"https:\/\/www.josiajourdan.ch\/wordpress\/how-it-all-blew-up-rezension\/\" class=\"post_info_date\">24. June 2021<\/a><\/span>\n\t\t\t\t\t\t\t\t\t\t<span class=\"post_info_item post_info_counters\">\t<a class=\"post_counters_item post_counters_views icon-eye\" title=\"Views - 1184\" href=\"https:\/\/www.josiajourdan.ch\/wordpress\/how-it-all-blew-up-rezension\/\"><span class=\"post_counters_number\">1184<\/span><\/a>\n\t\t<a class=\"post_counters_item post_counters_comments icon-chat\" title=\"Comments - 0\" href=\"https:\/\/www.josiajourdan.ch\/wordpress\/how-it-all-blew-up-rezension\/#respond\"><span class=\"post_counters_number\">0 Comments<\/span><\/a>\n\t<\/span>\n\t\t\t\t\t\t\t\t<\/p>\n<p><a href=\"https:\/\/www.josiajourdan.ch\/wordpress\/how-it-all-blew-up-rezension\/\">Ich habe \u00abHow it all blew up\u00bb von Arvin Ahmadi per Zufall auf Bookbeat als H\u00f6rbuch entdeckt. In...<\/a><\/p><p class=\"post_buttons\"><\/p>\t\t\t\t\t\t\t\t<\/div>\n\t\t\t\t\t\t\t<\/div><\/div>\t<!-- \/.info-back \/.info -->\n\t\t\t\t\t\t\t\t\t\t\t\t\t\t\t\t\t\t<\/div>\t\t\t\t<!-- \/.post_content -->\n\t\t\t\t<\/div>\t<!-- \/.post_item -->\n\t\t\t<\/div>\t\t\t\t\t\t<!-- \/.isotope_item -->\n\t\t\t\t\t\t<div class=\"isotope_item isotope_item_portfolio isotope_item_portfolio_3 isotope_column_3\t\t\t\t\t\t\">\n\t\t\t\t<div class=\"post_item post_item_portfolio post_item_portfolio_3\t\t\t\t\tpost_format_standard even\">\n\t\n\t\t\t\t\t<div class=\"post_content isotope_item_content ih-item colored square effect_shift left_to_right\">\n\t\t\t\t\t\t\t\t\t\t\t\t<div class=\"post_featured img\">\n\t\t\t\t\t\t\t<a href=\"https:\/\/www.josiajourdan.ch\/wordpress\/royal-blue-rezension\/\"><img decoding=\"async\" class=\"wp-post-image\" width=\"370\" alt=\"Royal Blue \/ Rezension\" src=\"https:\/\/i0.wp.com\/www.josiajourdan.ch\/wordpress\/wp-content\/uploads\/2020\/05\/DSC_0643-6.jpg?fit=1620%2C1080&#038;ssl=1\"><\/a>\t\t\t\t\t\t<\/div>\n\t\t\t\t\t\t\t\t\n\t\t\t\t\t\t\t<div class=\"post_info_wrap info\"><div class=\"info-back\">\n\t\t\n\t\t\t\t\t\t\t\t<h4 class=\"post_title\"><a href=\"https:\/\/www.josiajourdan.ch\/wordpress\/royal-blue-rezension\/\">Royal Blue \/ Rezension<\/a><\/h4>\t\t\n\t\t\t\t\t\t\t\t<div class=\"post_descr\">\n\t\t\t\t\t\t\t\t\t\t\t\t\t\t<p class=\"post_info\">\n\t\t\t\t\t\t\t\t\t<span class=\"post_info_item post_info_posted\"> <a href=\"https:\/\/www.josiajourdan.ch\/wordpress\/royal-blue-rezension\/\" class=\"post_info_date\">10. May 2020<\/a><\/span>\n\t\t\t\t\t\t\t\t\t\t<span class=\"post_info_item post_info_counters\">\t<a class=\"post_counters_item post_counters_views icon-eye\" title=\"Views - 2918\" href=\"https:\/\/www.josiajourdan.ch\/wordpress\/royal-blue-rezension\/\"><span class=\"post_counters_number\">2918<\/span><\/a>\n\t\t<a class=\"post_counters_item post_counters_comments icon-chat\" title=\"Comments - 5\" href=\"https:\/\/www.josiajourdan.ch\/wordpress\/royal-blue-rezension\/#comments\"><span class=\"post_counters_number\">5 Comments<\/span><\/a>\n\t<\/span>\n\t\t\t\t\t\t\t\t<\/p>\n<p><a href=\"https:\/\/www.josiajourdan.ch\/wordpress\/royal-blue-rezension\/\">Royal Blue oder im Englischen Red, White, Royal Blue von Casey McQuiston wurde international...<\/a><\/p><p class=\"post_buttons\"><\/p>\t\t\t\t\t\t\t\t<\/div>\n\t\t\t\t\t\t\t<\/div><\/div>\t<!-- \/.info-back \/.info -->\n\t\t\t\t\t\t\t\t\t\t\t\t\t\t\t\t\t\t<\/div>\t\t\t\t<!-- \/.post_content -->\n\t\t\t\t<\/div>\t<!-- \/.post_item -->\n\t\t\t<\/div>\t\t\t\t\t\t<!-- \/.isotope_item -->\n\t\t\t\t\t\t<div class=\"isotope_item isotope_item_portfolio isotope_item_portfolio_3 isotope_column_3\t\t\t\t\t\t\">\n\t\t\t\t<div class=\"post_item post_item_portfolio post_item_portfolio_3\t\t\t\t\tpost_format_standard odd last\">\n\t\n\t\t\t\t\t<div class=\"post_content isotope_item_content ih-item colored square effect_shift left_to_right\">\n\t\t\t\t\t\t\t\t\t\t\t\t<div class=\"post_featured img\">\n\t\t\t\t\t\t\t<a href=\"https:\/\/www.josiajourdan.ch\/wordpress\/5-gruende-warum-ich-hollywood-von-netflix-empfehle-serientalk-4\/\"><img decoding=\"async\" class=\"wp-post-image\" width=\"370\" alt=\"5 Gr\u00fcnde, warum ich Hollywood von Netflix empfehle | Serientalk #4\" src=\"https:\/\/i0.wp.com\/www.josiajourdan.ch\/wordpress\/wp-content\/uploads\/2020\/05\/DSC_0693-6.jpg?fit=1620%2C1080&#038;ssl=1\"><\/a>\t\t\t\t\t\t<\/div>\n\t\t\t\t\t\t\t\t\n\t\t\t\t\t\t\t<div class=\"post_info_wrap info\"><div class=\"info-back\">\n\t\t\n\t\t\t\t\t\t\t\t<h4 class=\"post_title\"><a href=\"https:\/\/www.josiajourdan.ch\/wordpress\/5-gruende-warum-ich-hollywood-von-netflix-empfehle-serientalk-4\/\">5 Gr\u00fcnde, warum ich Hollywood von Netflix empfehle | Serientalk #4<\/a><\/h4>\t\t\n\t\t\t\t\t\t\t\t<div class=\"post_descr\">\n\t\t\t\t\t\t\t\t\t\t\t\t\t\t<p class=\"post_info\">\n\t\t\t\t\t\t\t\t\t<span class=\"post_info_item post_info_posted\"> <a href=\"https:\/\/www.josiajourdan.ch\/wordpress\/5-gruende-warum-ich-hollywood-von-netflix-empfehle-serientalk-4\/\" class=\"post_info_date\">12. May 2020<\/a><\/span>\n\t\t\t\t\t\t\t\t\t\t<span class=\"post_info_item post_info_counters\">\t<a class=\"post_counters_item post_counters_views icon-eye\" title=\"Views - 1636\" href=\"https:\/\/www.josiajourdan.ch\/wordpress\/5-gruende-warum-ich-hollywood-von-netflix-empfehle-serientalk-4\/\"><span class=\"post_counters_number\">1636<\/span><\/a>\n\t\t<a class=\"post_counters_item post_counters_comments icon-chat\" title=\"Comments - 4\" href=\"https:\/\/www.josiajourdan.ch\/wordpress\/5-gruende-warum-ich-hollywood-von-netflix-empfehle-serientalk-4\/#comments\"><span class=\"post_counters_number\">4 Comments<\/span><\/a>\n\t<\/span>\n\t\t\t\t\t\t\t\t<\/p>\n<p><a href=\"https:\/\/www.josiajourdan.ch\/wordpress\/5-gruende-warum-ich-hollywood-von-netflix-empfehle-serientalk-4\/\">Warum redet eigentlich niemand \u00fcber Hollywood auf Netflix? Ich habe die Miniserie am letzten...<\/a><\/p><p class=\"post_buttons\"><\/p>\t\t\t\t\t\t\t\t<\/div>\n\t\t\t\t\t\t\t<\/div><\/div>\t<!-- \/.info-back \/.info -->\n\t\t\t\t\t\t\t\t\t\t\t\t\t\t\t\t\t\t<\/div>\t\t\t\t<!-- \/.post_content -->\n\t\t\t\t<\/div>\t<!-- \/.post_item -->\n\t\t\t<\/div>\t\t\t\t\t\t<!-- \/.isotope_item -->\n\t\t\t<\/div><\/div>[\/vc_column][\/vc_row][vc_row][vc_column]<blockquote class=\"sc_quote\"><p>And you can want who you want<\/p>\n<p style=\"text-align: left;\">Boys and Boys and Girls and Girls<\/p><p class=\"sc_quote_title\">Taylor Swift<\/p><\/blockquote>[\/vc_column][\/vc_row]","protected":false},"excerpt":{"rendered":"<p>[vc_row][vc_column][vc_column_text] Eines meiner gr\u00f6ssten Anliegen ist es, queere Stimmen und Vielfalt in der Buchwelt zu f\u00f6rdern und weiterzuempfehlen. Viel zu lange habe ich mich selber nicht in B\u00fcchern wiedergefunden. Darum findet ihr hier queere Buchtipps so wie eine kleine Vorstellung meines Projektes &#8222;Das Pinke Sofa&#8220;, das ich zusammen mit Kai Spellmeier umgesetzt habe. Das Pinke [&hellip;]<\/p>\n","protected":false},"author":3,"featured_media":0,"parent":0,"menu_order":0,"comment_status":"closed","ping_status":"closed","template":"","meta":{"jetpack_post_was_ever_published":false,"footnotes":""},"class_list":["post-5880","page","type-page","status-publish","hentry"],"yoast_head":"<!-- This site is optimized with the Yoast SEO plugin v16.3 - https:\/\/yoast.com\/wordpress\/plugins\/seo\/ -->\n<title>Das Pinke Sofa - Queere B\u00fccher | Josia Jourdan<\/title>\n<meta name=\"robots\" content=\"index, follow, max-snippet:-1, max-image-preview:large, max-video-preview:-1\" \/>\n<link rel=\"canonical\" href=\"https:\/\/www.josiajourdan.ch\/wordpress\/das-pinke-sofa-queere-buecher\/\" \/>\n<meta property=\"og:locale\" content=\"de_DE\" \/>\n<meta property=\"og:type\" content=\"article\" \/>\n<meta property=\"og:title\" content=\"Das Pinke Sofa - Queere B\u00fccher | Josia Jourdan\" \/>\n<meta property=\"og:description\" content=\"[vc_row][vc_column][vc_column_text] Eines meiner gr\u00f6ssten Anliegen ist es, queere Stimmen und Vielfalt in der Buchwelt zu f\u00f6rdern und weiterzuempfehlen. Viel zu lange habe ich mich selber nicht in B\u00fcchern wiedergefunden. Darum findet ihr hier queere Buchtipps so wie eine kleine Vorstellung meines Projektes &#8222;Das Pinke Sofa&#8220;, das ich zusammen mit Kai Spellmeier umgesetzt habe. Das Pinke [&hellip;]\" \/>\n<meta property=\"og:url\" content=\"https:\/\/www.josiajourdan.ch\/wordpress\/das-pinke-sofa-queere-buecher\/\" \/>\n<meta property=\"og:site_name\" content=\"Josia Jourdan\" \/>\n<meta property=\"article:modified_time\" content=\"2022-11-02T13:27:09+00:00\" \/>\n<meta property=\"og:image\" content=\"https:\/\/www.josiajourdan.ch\/wordpress\/wp-content\/uploads\/2021\/05\/Das-Pinke-Sofa-Logo-1024x1024.png\" \/>\n<meta name=\"twitter:card\" content=\"summary_large_image\" \/>\n<meta name=\"twitter:label1\" content=\"Gesch\u00e4tzte Lesezeit\">\n\t<meta name=\"twitter:data1\" content=\"1\u00a0Minute\">\n<script type=\"application\/ld+json\" class=\"yoast-schema-graph\">{\"@context\":\"https:\/\/schema.org\",\"@graph\":[{\"@type\":[\"Person\",\"Organization\"],\"@id\":\"https:\/\/www.josiajourdan.ch\/wordpress\/#\/schema\/person\/8f666fd3f7eec59fa85f7bedd2438c9d\",\"name\":\"Josia Jourdan\",\"image\":{\"@type\":\"ImageObject\",\"@id\":\"https:\/\/www.josiajourdan.ch\/wordpress\/#personlogo\",\"inLanguage\":\"de\",\"url\":\"https:\/\/secure.gravatar.com\/avatar\/e9ef50b71693368627e1fa033d9759c3?s=96&d=mm&r=g\",\"contentUrl\":\"https:\/\/secure.gravatar.com\/avatar\/e9ef50b71693368627e1fa033d9759c3?s=96&d=mm&r=g\",\"caption\":\"Josia Jourdan\"},\"logo\":{\"@id\":\"https:\/\/www.josiajourdan.ch\/wordpress\/#personlogo\"},\"description\":\"Auf meinem Blog findet ihr Buch- und Kulturtipps. Ich teile meine Leidenschaft f\\u00fcr B\\u00fccher. Ansonsten arbeite ich als Content Creator und Journalist. Mehr zu meiner Arbeit erfahrt ihr auf Instagram @josiajourdan oder in meinem Podcast \\\"Anyways it's a vibe\\\".\",\"sameAs\":[\"http:\/\/josiajourdan.ch\"]},{\"@type\":\"WebSite\",\"@id\":\"https:\/\/www.josiajourdan.ch\/wordpress\/#website\",\"url\":\"https:\/\/www.josiajourdan.ch\/wordpress\/\",\"name\":\"josiajourdan.ch\",\"description\":\"Autor, Speaker und Journalist\",\"publisher\":{\"@id\":\"https:\/\/www.josiajourdan.ch\/wordpress\/#\/schema\/person\/8f666fd3f7eec59fa85f7bedd2438c9d\"},\"potentialAction\":[{\"@type\":\"SearchAction\",\"target\":\"https:\/\/www.josiajourdan.ch\/wordpress\/?s={search_term_string}\",\"query-input\":\"required name=search_term_string\"}],\"inLanguage\":\"de\"},{\"@type\":\"ImageObject\",\"@id\":\"https:\/\/www.josiajourdan.ch\/wordpress\/das-pinke-sofa-queere-buecher\/#primaryimage\",\"inLanguage\":\"de\",\"url\":\"https:\/\/i0.wp.com\/www.josiajourdan.ch\/wordpress\/wp-content\/uploads\/2021\/05\/Das-Pinke-Sofa-Logo.png?fit=1080%2C1080&ssl=1\",\"contentUrl\":\"https:\/\/i0.wp.com\/www.josiajourdan.ch\/wordpress\/wp-content\/uploads\/2021\/05\/Das-Pinke-Sofa-Logo.png?fit=1080%2C1080&ssl=1\",\"width\":1080,\"height\":1080,\"caption\":\"Das Pinke Sofa - Josia Jourdan - Kai Spellmeier\"},{\"@type\":\"WebPage\",\"@id\":\"https:\/\/www.josiajourdan.ch\/wordpress\/das-pinke-sofa-queere-buecher\/#webpage\",\"url\":\"https:\/\/www.josiajourdan.ch\/wordpress\/das-pinke-sofa-queere-buecher\/\",\"name\":\"Das Pinke Sofa - Queere B\\u00fccher | Josia Jourdan\",\"isPartOf\":{\"@id\":\"https:\/\/www.josiajourdan.ch\/wordpress\/#website\"},\"primaryImageOfPage\":{\"@id\":\"https:\/\/www.josiajourdan.ch\/wordpress\/das-pinke-sofa-queere-buecher\/#primaryimage\"},\"datePublished\":\"2021-05-05T20:31:58+00:00\",\"dateModified\":\"2022-11-02T13:27:09+00:00\",\"breadcrumb\":{\"@id\":\"https:\/\/www.josiajourdan.ch\/wordpress\/das-pinke-sofa-queere-buecher\/#breadcrumb\"},\"inLanguage\":\"de\",\"potentialAction\":[{\"@type\":\"ReadAction\",\"target\":[\"https:\/\/www.josiajourdan.ch\/wordpress\/das-pinke-sofa-queere-buecher\/\"]}]},{\"@type\":\"BreadcrumbList\",\"@id\":\"https:\/\/www.josiajourdan.ch\/wordpress\/das-pinke-sofa-queere-buecher\/#breadcrumb\",\"itemListElement\":[{\"@type\":\"ListItem\",\"position\":1,\"item\":{\"@type\":\"WebPage\",\"@id\":\"https:\/\/www.josiajourdan.ch\/wordpress\/\",\"url\":\"https:\/\/www.josiajourdan.ch\/wordpress\/\",\"name\":\"Startseite\"}},{\"@type\":\"ListItem\",\"position\":2,\"item\":{\"@id\":\"https:\/\/www.josiajourdan.ch\/wordpress\/das-pinke-sofa-queere-buecher\/#webpage\"}}]}]}<\/script>\n<!-- \/ Yoast SEO plugin. -->","jetpack_sharing_enabled":true,"jetpack_shortlink":"https:\/\/wp.me\/P8eAsU-1wQ","_links":{"self":[{"href":"https:\/\/www.josiajourdan.ch\/wordpress\/wp-json\/wp\/v2\/pages\/5880"}],"collection":[{"href":"https:\/\/www.josiajourdan.ch\/wordpress\/wp-json\/wp\/v2\/pages"}],"about":[{"href":"https:\/\/www.josiajourdan.ch\/wordpress\/wp-json\/wp\/v2\/types\/page"}],"author":[{"embeddable":true,"href":"https:\/\/www.josiajourdan.ch\/wordpress\/wp-json\/wp\/v2\/users\/3"}],"replies":[{"embeddable":true,"href":"https:\/\/www.josiajourdan.ch\/wordpress\/wp-json\/wp\/v2\/comments?post=5880"}],"version-history":[{"count":8,"href":"https:\/\/www.josiajourdan.ch\/wordpress\/wp-json\/wp\/v2\/pages\/5880\/revisions"}],"predecessor-version":[{"id":6542,"href":"https:\/\/www.josiajourdan.ch\/wordpress\/wp-json\/wp\/v2\/pages\/5880\/revisions\/6542"}],"wp:attachment":[{"href":"https:\/\/www.josiajourdan.ch\/wordpress\/wp-json\/wp\/v2\/media?parent=5880"}],"curies":[{"name":"wp","href":"https:\/\/api.w.org\/{rel}","templated":true}]}}